- 55. Is (-4)/14 + (-1371)/q a composite number?
True
Suppose -6*u + u + 1445 = 0. Is u prime?
False
Let b(d) = 262*d**3 + 3*d - 3. Is b(2) composite?
False
Let b(t) = 14*t + 5. Let i = -5 + 11. Is b(i) a composite number?
False
Let p(i) = -12*i + 3. Let l = 12 - 19. Is p(l) composite?
True
Let p be 3*1 + (-21)/7. Suppose -c = -k - 9, -c - 4*k - 16 = -p*k. Is c prime?
False
Suppose -4*l - 36 = 20. Is (-556)/(-7) - (-6)/l a composite number?
False
Let f(y) = 68*y - 1. Suppose p + 5 = 3*v, 2*p = -3*v + 4*p + 1. Is f(v) a composite number?
True
Suppose -4*d + 1534 - 186 = 0. Is d composite?
False
Let b be (-2 + 2)*(-1)/(-2). Suppose -27 = -n + 4*j, b = 4*j + j - 10. Is n a composite number?
True
Let d(g) = g - 48. Let x be d(0). Let c(z) = z**2 - 7*z - 8. Let q be c(-6). Let w = q + x. Is w composite?
True
Suppose 4*w = 8 - 0. Suppose -w*y - 17 - 9 = 0. Let l = y - -46. Is l composite?
True
Suppose 2*k = -3*v + 377, 4*v = 5*v + 5*k - 117. Is v a composite number?
False
Let z(g) = -g**3 - 5*g**2 + 5*g - 1. Let k be z(-6). Suppose 2*d - 442 = -5*x, 1063 = k*d + x + x. Is d a composite number?
False
Let z(b) = 4*b**3 - 8*b**2 + 2*b - 11. Let s(i) = i**3 + i**2 + i. Let t(f) = -2*s(f) + z(f). Is t(8) composite?
False
Suppose 0 = c - 3 + 1. Suppose 0 = -3*k + 12, -3*n + 7 = -k - 1. Suppose -n*j + c*j = -50. Is j a composite number?
True
Let n(x) = 187*x + 4. Is n(1) prime?
True
Let i(p) = 134*p**3 - p. Let u be -2 + (2 - 0) + 1. Is i(u) composite?
True
Let o(k) = -k + 5. Let l be o(0). Let v(s) = -1 + 2 + s**3 + 0 - l*s + 4*s**2. Is v(-4) composite?
True
Suppose -y - 4*s = -1029, 5*y - 5*s = y + 4221. Is y a composite number?
False
Let h = -375 - -712. Is h composite?
False
Suppose -4*v - 20 = -0. Let o = -3 - v. Suppose 0*b = -o*b + 158. Is b prime?
True
Let k(c) = 28*c - 3. Suppose 2*s - 5 + 1 = 0. Suppose 3*h - s*p - 2 + 6 = 0, -5*h + 4*p - 10 = 0. Is k(h) a prime number?
True
Suppose 5*n - n + 14 = u, 0 = -5*u - 4*n - 2. Let k be (-38)/(-10) + u/10. Suppose d = 2*q + q + 55, k*d + q - 272 = 0. Is d composite?
False
Suppose -303 = -4*j + 233. Is j prime?
False
Suppose 0 = 4*k - 1 - 15. Suppose -b - k = -159. Is (-2 + -1)*b/(-3) a prime number?
False
Let a = -1071 + 1642. Is a a prime number?
True
Let z(y) = y**2 - 4 - 3 + 0 + 0*y**2 - 7*y. Is z(-7) composite?
True
Let q = 0 + 0. Suppose -4*f + 148 = -q*f. Is f prime?
True
Suppose 0 = -0*x + x - 5*n - 836, 4*x - 3361 = 3*n. Suppose x - 167 = 2*b. Is b composite?
False
Let i(n) be the third derivative of n**7/280 - n**6/120 - n**4/24 + n**3/3 - n**2. Let l(v) be the first derivative of i(v). Is l(3) a prime number?
True
Suppose 9*r + 1865 = 14*r. Is r composite?
False
Let z = -4805 + 10660. Is z a composite number?
True
Suppose -a + 7916 = 5*h, 4*h = 5*h + a - 1584. Is h prime?
True
Suppose -3*u - 5*w + 1686 = -0*w, 5*u = -3*w + 2794. Is u a composite number?
False
Let h = 90 + 143. Is h a composite number?
False
Let p(g) = -2*g + 10. Let c = 13 + -9. Suppose -36 = c*s + 12. Is p(s) prime?
False
Let n = 4 + 0. Suppose 2*h - 5*h + 23 = n*z, -10 = -5*z. Suppose 2*l + h - 79 = 0. Is l a composite number?
False
Let y be (3/(-2) + 1)*-12. Let c(n) = n - 2. Let s be c(y). Let t(x) = -x**3 + 5*x**2 + 4*x - 1. Is t(s) prime?
True
Let j(f) be the second derivative of -f**3/2 + 3*f**2/2 - 3*f. Let k be j(-4). Is 2/(-3) - (-1345)/k a composite number?
False
Let m = -47 + 256. Is m prime?
False
Suppose -4*l - 20 = 0, 29 = 3*i - 5*l - 5. Suppose i*v = q - 150, 0*q - 4*q + 2*v + 550 = 0. Suppose 20 = -5*t + q. Is t a prime number?
True
Let v(l) be the first derivative of l**5/10 + l**4/3 - l**3/3 - l**2 - l - 5. Let r(u) be the first derivative of v(u). Is r(2) a prime number?
False
Suppose -h = -0*h - 5. Suppose 36 = h*t - 0*t + 4*n, -2*n + 28 = 5*t. Suppose 52 + 67 = 2*x - 3*l, -l + 273 = t*x. Is x a composite number?
False
Is -653*(0 - 2) + (-2 - -2) prime?
False
Let l(x) = x**3 + 3*x**2 - 4*x + 9. Is l(7) a prime number?
False
Let x = -1 - -7. Suppose -3*o - n + 217 = -x*n, 3*o - n = 221. Let f = o + -39. Is f a composite number?
True
Suppose 3*v - 2*p - 1904 = -2*v, -v + 379 = -p. Suppose -5*h + 492 = 3*l, 5*h - v - 108 = -5*l. Let b = h - -58. Is b prime?
True
Suppose 2*o - 4 = -2*k, k + 4*k - 10 = -4*o. Suppose k*l = 3*l - 91. Is l a composite number?
True
Let s be 228/(-10) + 3/(-15). Let l = -12 - s. Let k = 18 - l. Is k prime?
True
Is -921*((-3)/(-9))/(-1) a prime number?
True
Let b(s) = s**3 - 6*s - 8. Let n = 5 + 2. Is b(n) prime?
True
Suppose 67*r + 694 = 69*r. Is r a composite number?
False
Let l = 5 + -4. Let b be 3/((-3)/(-149))*l. Let i = b - 84. Is i a prime number?
False
Let u = 2 - 10. Let z(h) = -8*h + 1. Let v be z(u). Suppose r + 4*r - v = 0. Is r prime?
True
Let v = -50 + 29. Let m be (3/(9/84))/1. Let d = m - v. Is d a composite number?
True
Let h(i) = i**3 - 6*i**2 + 6*i - 5. Let k be h(5). Suppose k = -2*r - 0*r + 22. Is r a composite number?
False
Let g(c) = -c**2 + 5*c. Let a be g(5). Suppose a = -2*u - 0*u + 8, 5*s - 2*u - 87 = 0. Is s a prime number?
True
Is 7705/10 + 6/(-4) a prime number?
True
Suppose -2*n = -5 - 9. Suppose n*z - 2*z - 1085 = 0. Is z a composite number?
True
Is 127/(-2)*(-17 + 3) a composite number?
True
Let l(z) = -2*z**2 - 2*z + 1. Let h be l(1). Let w(f) = -5*f**3 + 4*f**2 + f + 1. Is w(h) a prime number?
False
Let h(a) = 8*a**2 + 12*a + 9. Is h(-5) a composite number?
False
Is 191*(0 - -1 - 0) a prime number?
True
Suppose 5175 + 2177 = 4*l. Is (-10)/35 - l/(-14) prime?
True
Let g = 1081 + -432. Is g a prime number?
False
Suppose 2*u = -7 - 3, -5*b - 2*u = -5. Suppose 3*d - 4*a + 2*a = 12, 0 = b*d + 3*a - 12. Is 258/d - (-3)/6 composite?
True
Let r be 3/(-6)*(2 - 2). Suppose -p + 3 = -r*p. Suppose 2*m = -b + 21, 52 = 5*b - p*m - 79. Is b a prime number?
False
Let k(h) = 3*h**3 - 8*h**2 + 7*h + 3. Is k(7) a composite number?
True
Suppose 945 = -0*z + 4*z + o, 5*z = 5*o + 1150. Let n = -184 + 34. Let p = z + n. Is p a composite number?
True
Let m = 8 - 6. Let u(c) = 0 - 2*c**m + 21*c**2 + 0. Is u(-1) a composite number?
False
Let t be 3/(7 - 3 - 3). Is 1*-3 + 21/t a composite number?
True
Suppose 0 = 3*n - 2*n - 3. Suppose -3*v - 3*q = v - 20, n*q = 0. Suppose v*o = o + 172. Is o a composite number?
False
Suppose 0 = a + 3 - 5. Is (-1 + -668)*a/(-6) a prime number?
True
Let a(r) = -r**2 + 5*r + 8. Let u be a(6). Is 0 - u - (-37 + 4) prime?
True
Let w = -108 + 319. Is w composite?
False
Suppose -3*j = -7 - 1274. Let y = j + -178. Suppose -2*v - 117 = -a, 0*a + v = 2*a - y. Is a prime?
True
Let v(z) = -44*z + 1. Is v(-3) a composite number?
True
Is (-6)/21 + 17574/14 a prime number?
False
Let x(w) = w**2 + 6*w + 6. Let z be x(-4). Let d(j) = 12*j**2 - 3*j - 1. Is d(z) prime?
True
Suppose -k - 3*v = -11, 7*k - 81 = 2*k - 2*v. Let u = k - -378. Is u prime?
False
Suppose -m = 3*v - 306, 3*v - 4*m = v + 190. Let f = -145 + 75. Let l = v + f. Is l a composite number?
False
Let j(r) = 2*r. Let c be j(2). Let d be (36 - -1) + 1*-1. Suppose 4*z = -2*o + 94, 0 = -4*o + c*z + d + 188. Is o a prime number?
True
Suppose 2*g = -g + 81. Suppose -r - g = -0*r. Let p = r + 74. Is p a composite number?
False
Suppose 0 = u + 2*u - 2*h - 12, -4*u + 3*h = -15. Let x be 68/12 - 4/u. Suppose 4*d = -6*p + 3*p + 77, -4*p + 102 = x*d. Is p prime?
True
Let b(v) = -343*v + 13. Is b(-4) prime?
False
Let w(c) = -29*c - 13. Let u be w(-12). Let m = -186 + u. Is m prime?
True
Suppose 3*r = -0*h + 2*h + 14, h - 4*r = -17. Is -3 - (h - (93 + -2)) a prime number?
True
Let z = -426 + 1435. Is z a prime number?
True
Let a be 1 + (-2 - -1) - -2. Suppose -2*t + 5*y + 206 = 0, 0*t - 2*t + 206 = -a*y. Suppose 4*m + 3*d - t = 0, 70 = 2*m + m - 5*d. Is m prime?
False
Suppose 3*o + 2*y + 0*y - 6 = 0, -3*o + 3*y + 6 = 0. Let p be (o/(-3))/(7/42). Is 644/(-21)*6/p prime?
False
Let v = 12 - -21. Is v composite?
True
Let i(v) = 37*v**2 + 5*v + 89. Is i(11) composite?
False
Let z(p) = -p**2 - 9*p - 2. Let k be z(-6). Suppose k*c - 1353 = 13*c. Is c composite?
True
Let m(n) = 498*n. Let g be m(-1). Is ((-2)/4)/(3/g) a prime number?
True
Let a(v) be the third derivative of v**7/1260 + v**6/144 - v**5/30 + 3*v**2. Let o(x) be the third derivative of a(x). Is o(8) a prime number?
True
Suppose 4*h - 36 - 336 = 0.